common divisor of 70 and 6713.
7
Calculate the greatest common factor of 33 and 781.
11
Calculate the greatest common divisor of 551 and 304.
19
Calculate the highest common divisor of 294 and 42.
42
Calculate the greatest common factor of 497 and 3053.
71
Calculate the highest common divisor of 8 and 3368.
8
Calculate the highest common divisor of 1680 and 80.
80
Calculate the greatest common divisor of 221 and 91.
13
Calculate the highest common factor of 600 and 36.
12
What is the highest common divisor of 530 and 470?
10
What is the highest common factor of 13880 and 80?
40
What is the highest common factor of 623 and 4094?
89
What is the greatest common divisor of 2809 and 53?
53
What is the greatest common factor of 6192 and 576?
144
What is the greatest common divisor of 808 and 32?
8
What is the greatest common divisor of 690 and 8832?
138
Calculate the highest common divisor of 426 and 781.
71
What is the greatest common factor of 1078 and 44?
22
Calculate the highest common factor of 1855 and 161.
7
Calculate the highest common divisor of 119 and 34.
17
What is the greatest common divisor of 48 and 112?
16
Calculate the highest common divisor of 272 and 17.
17
What is the greatest common factor of 5 and 745?
5
Calculate the greatest common factor of 19 and 19.
19
What is the greatest common factor of 198 and 1122?
66
Calculate the highest common divisor of 69 and 8004.
69
Calculate the highest common divisor of 2336 and 256.
32
What is the greatest common factor of 32 and 2692?
4
Calculate the highest common factor of 50 and 5350.
50
What is the highest common divisor of 54 and 4?
2
What is the greatest common divisor of 47 and 1175?
47
What is the greatest common factor of 46 and 1587?
23
Calculate the greatest common divisor of 1498 and 7918.
214
What is the highest common divisor of 128 and 8?
8
What is the greatest common factor of 136 and 64?
8
What is the highest common factor of 2033 and 19?
19
What is the greatest common factor of 73 and 17739?
73
What is the greatest common divisor of 192 and 24?
24
What is the highest common divisor of 248 and 93?
31
Calculate the greatest common divisor of 81 and 1080.
27
Calculate the highest common divisor of 21 and 168.
21
Calculate the greatest common divisor of 161 and 276.
23
Calculate the highest common factor of 25 and 85.
5
Calculate the highest common divisor of 2112 and 17688.
264
Calculate the highest common factor of 42 and 6.
6
What is the highest common factor of 135 and 27?
27
What is the greatest common factor of 732 and 372?
12
Calculate the greatest common factor of 732 and 24.
12
Calculate the greatest common factor of 884 and 3094.
442
What is the highest common factor of 172 and 136?
4
What is the highest common factor of 304 and 38?
38
Calculate the highest common divisor of 64 and 208.
16
Calculate the greatest common factor of 8442 and 6.
6
Calculate the highest common divisor of 110 and 24970.
110
Calculate the highest common divisor of 14 and 1022.
14
What is the highest common divisor of 1927 and 1739?
47
What is the greatest common divisor of 1356 and 28?
4
Calculate the greatest common divisor of 160 and 1184.
32
Calculate the greatest common factor of 2 and 243.
1
What is the greatest common factor of 35 and 20?
5
Calculate the highest common divisor of 25 and 21575.
25
What is the greatest common factor of 10245 and 165?
15
What is the highest common divisor of 12 and 228?
12
Calculate the highest common divisor of 221 and 2992.
17
What is the greatest common factor of 45 and 6?
3
What is the greatest common divisor of 6390 and 36?
18
What is the greatest common divisor of 11 and 388?
1
What is the highest common divisor of 49 and 14?
7
Calculate the greatest common factor of 236 and 388.
4
What is the highest common divisor of 70 and 10?
10
Calculate the greatest common divisor of 1728 and 12.
12
What is the highest common divisor of 132 and 60?
12
Calculate the highest common factor of 108 and 11691.
27
Calculate the highest common divisor of 28 and 2212.
28
What is the highest common divisor of 248 and 128?
8
What is the highest common divisor of 32 and 5152?
32
What is the highest common factor of 3520 and 160?
160
What is the greatest common divisor of 124 and 310?
62
Calculate the highest common divisor of 16 and 20.
4
Calculate the greatest common factor of 52 and 1937.
13
Calculate the greatest common factor of 38 and 171.
19
Calculate the greatest common factor of 4425 and 531.
177
Calculate the greatest common divisor of 308 and 396.
44
Calculate the highest common factor of 204 and 2958.
102
Calculate the highest common factor of 4848 and 32.
16
Calculate the greatest common divisor of 22792 and 176.
88
Calculate the greatest common divisor of 46 and 529.
23
What is the highest common divisor of 16 and 7436?
4
What is the greatest common factor of 31905 and 9?
9
What is the greatest common factor of 6453 and 27?
27
Calculate the greatest common factor of 34 and 1462.
34
What is the greatest common factor of 35 and 53200?
35
What is the greatest common divisor of 6336 and 60?
12
Calculate the highest common divisor of 2077 and 603.
67
What is the highest common factor of 72 and 30?
6
What is the greatest common divisor of 6 and 174?
6
What is the highest common factor of 21 and 123?
3
Calculate the greatest common divisor of 117 and 486.
9
What is the greatest common factor of 77 and 91?
7
Calculate the highest common divisor of 56 and 196.
28
Calculate the highest common factor of 1208 and 8.
8
What is the greatest common divisor of 385 and 630?
35
What is the highest common factor of 30 and 40790?
10
What is the highest common factor of 2204 and 174?
58
What is the highest common divisor of 697 and 17?
17
What is the highest common divisor of 48 and 1410?
6
Calculate the highest common divisor of 351 and 299.
13
What is the greatest common divisor of 468 and 2925?
117
What is the greatest common divisor of 9 and 8091?
9
What is the greatest common divisor of 1620 and 1440?
180
What is the highest common factor of 270 and 10?
10
Calculate the greatest common divisor of 960 and 15.
15
Calculate the greatest common factor of 186 and 1550.
62
Calculate the greatest common divisor of 81 and 27135.
81
Calculate the greatest common divisor of 16995 and 1236.
309
What is the highest common divisor of 451 and 205?
41
What is the greatest common divisor of 304 and 104?
8
Calculate the greatest common factor of 542 and 48.
2
Calculate the highest common factor of 35 and 20.
5
Calculate the highest common factor of 10 and 24.
2
What is the greatest common factor of 130 and 351?
13
Calculate the highest common divisor of 77 and 319.
11
Calculate the greatest common factor of 14 and 602.
14
Calculate the greatest common factor of 9 and 1203.
3
What is the greatest common divisor of 1232 and 112?
112
What is the greatest common divisor of 13 and 273?
13
What is the highest common divisor of 450 and 2850?
150
Calculate the highest common divisor of 4375 and 70.
35
What is the greatest common divisor of 488 and 7198?
122
What is the highest common divisor of 368 and 69?
23
Calculate the highest common divisor of 536 and 128.
8
What is the highest common factor of 6 and 1002?
6
What is the greatest common divisor of 1066 and 52?
26
Calculate the highest common divisor of 344 and 860.
172
Calculate the greatest common factor of 47 and 1457.
47
What is the greatest common divisor of 11 and 594?
11
Calculate the highest common divisor of 14571 and 9.
9
What is the greatest common divisor of 86 and 142?
2
What is the greatest common divisor of 462 and 378?
42
What is the greatest common divisor of 104 and 65?
13
What is the highest common divisor of 35 and 595?
35
Calculate the greatest common factor of 267 and 3.
3
Calculate the greatest common factor of 335 and 134.
67
Calculate the greatest common divisor of 87 and 51.
3
Calculate the highest common divisor of 7225 and 85.
85
Calculate the greatest common factor of 16 and 496.
16
What is the highest common divisor of 174 and 10266?
174
What is the highest common divisor of 159 and 212?
53
What is the highest common divisor of 1472 and 64?
64
What is the highest common divisor of 36 and 396?
36
What is the grea